{"id":1149,"date":"2023-01-03T12:35:24","date_gmt":"2023-01-03T12:35:24","guid":{"rendered":"https:\/\/kbconciergerie.eu\/?page_id=1149"},"modified":"2024-10-19T13:00:20","modified_gmt":"2024-10-19T13:00:20","slug":"paris-pont-de-sevres-appartement-acces-direct-a-la-foret-domaniale-de-meudon","status":"publish","type":"page","link":"https:\/\/kbconciergerie.eu\/?page_id=1149","title":{"rendered":"Paris &#8211; Pont de S\u00e8vres &#8211; Appartement acc\u00e8s direct \u00e0  la for\u00eat domaniale."},"content":{"rendered":"\n<p>100 m\u00b2 pour cet appartement refait \u00e0 neuf. Une cuisine professionnelle ouverte pour les repas en famille. Un acc\u00e8s direct \u00e0 la for\u00eat permet de grandes balades au calme.<\/p>\n\n\n\n<p><\/p>\n\n\n\n\n\n<div class=\"wp-block-group is-nowrap is-layout-flex wp-container-core-group-is-layout-ad2f72ca wp-block-group-is-layout-flex\">\n<div class=\"wp-block-group\"><div class=\"wp-block-group__inner-container is-layout-constrained wp-block-group-is-layout-constrained\">\n<figure class=\"wp-block-gallery has-nested-images columns-default is-cropped wp-block-gallery-1 is-layout-flex wp-block-gallery-is-layout-flex\">\n<figure class=\"wp-block-image size-large\"><img loading=\"lazy\" decoding=\"async\" width=\"1024\" height=\"768\" data-id=\"2286\" src=\"https:\/\/kbconciergerie.eu\/wp-content\/uploads\/2024\/10\/20200818_092833801_iOS-1-1024x768.jpg\" alt=\"\" class=\"wp-image-2286\" srcset=\"https:\/\/kbconciergerie.eu\/wp-content\/uploads\/2024\/10\/20200818_092833801_iOS-1-1024x768.jpg 1024w, https:\/\/kbconciergerie.eu\/wp-content\/uploads\/2024\/10\/20200818_092833801_iOS-1-300x225.jpg 300w, https:\/\/kbconciergerie.eu\/wp-content\/uploads\/2024\/10\/20200818_092833801_iOS-1-768x576.jpg 768w, https:\/\/kbconciergerie.eu\/wp-content\/uploads\/2024\/10\/20200818_092833801_iOS-1-1536x1152.jpg 1536w, https:\/\/kbconciergerie.eu\/wp-content\/uploads\/2024\/10\/20200818_092833801_iOS-1-2048x1536.jpg 2048w, https:\/\/kbconciergerie.eu\/wp-content\/uploads\/2024\/10\/20200818_092833801_iOS-1-1440x1080.jpg 1440w\" sizes=\"auto, (max-width: 1024px) 100vw, 1024px\" \/><\/figure>\n\n\n\n<figure class=\"wp-block-image size-large\"><img loading=\"lazy\" decoding=\"async\" width=\"1024\" height=\"768\" data-id=\"2288\" src=\"https:\/\/kbconciergerie.eu\/wp-content\/uploads\/2024\/10\/20200819_095513037_iOS-1024x768.jpg\" alt=\"\" class=\"wp-image-2288\" srcset=\"https:\/\/kbconciergerie.eu\/wp-content\/uploads\/2024\/10\/20200819_095513037_iOS-1024x768.jpg 1024w, https:\/\/kbconciergerie.eu\/wp-content\/uploads\/2024\/10\/20200819_095513037_iOS-300x225.jpg 300w, https:\/\/kbconciergerie.eu\/wp-content\/uploads\/2024\/10\/20200819_095513037_iOS-768x576.jpg 768w, https:\/\/kbconciergerie.eu\/wp-content\/uploads\/2024\/10\/20200819_095513037_iOS-1536x1152.jpg 1536w, https:\/\/kbconciergerie.eu\/wp-content\/uploads\/2024\/10\/20200819_095513037_iOS-2048x1536.jpg 2048w, https:\/\/kbconciergerie.eu\/wp-content\/uploads\/2024\/10\/20200819_095513037_iOS-1440x1080.jpg 1440w\" sizes=\"auto, (max-width: 1024px) 100vw, 1024px\" \/><\/figure>\n\n\n\n<figure class=\"wp-block-image size-large\"><img loading=\"lazy\" decoding=\"async\" width=\"1024\" height=\"768\" data-id=\"2279\" src=\"https:\/\/kbconciergerie.eu\/wp-content\/uploads\/2024\/10\/20200818_092904350_iOS-1024x768.jpg\" alt=\"\" class=\"wp-image-2279\" srcset=\"https:\/\/kbconciergerie.eu\/wp-content\/uploads\/2024\/10\/20200818_092904350_iOS-1024x768.jpg 1024w, https:\/\/kbconciergerie.eu\/wp-content\/uploads\/2024\/10\/20200818_092904350_iOS-300x225.jpg 300w, https:\/\/kbconciergerie.eu\/wp-content\/uploads\/2024\/10\/20200818_092904350_iOS-768x576.jpg 768w, https:\/\/kbconciergerie.eu\/wp-content\/uploads\/2024\/10\/20200818_092904350_iOS-1536x1152.jpg 1536w, https:\/\/kbconciergerie.eu\/wp-content\/uploads\/2024\/10\/20200818_092904350_iOS-2048x1536.jpg 2048w, https:\/\/kbconciergerie.eu\/wp-content\/uploads\/2024\/10\/20200818_092904350_iOS-1440x1080.jpg 1440w\" sizes=\"auto, (max-width: 1024px) 100vw, 1024px\" \/><\/figure>\n\n\n\n<figure class=\"wp-block-image size-large\"><img loading=\"lazy\" decoding=\"async\" width=\"1024\" height=\"577\" data-id=\"2291\" src=\"https:\/\/kbconciergerie.eu\/wp-content\/uploads\/2024\/10\/C1-1024x577.jpg\" alt=\"\" class=\"wp-image-2291\" srcset=\"https:\/\/kbconciergerie.eu\/wp-content\/uploads\/2024\/10\/C1-1024x577.jpg 1024w, https:\/\/kbconciergerie.eu\/wp-content\/uploads\/2024\/10\/C1-300x169.jpg 300w, https:\/\/kbconciergerie.eu\/wp-content\/uploads\/2024\/10\/C1-768x433.jpg 768w, https:\/\/kbconciergerie.eu\/wp-content\/uploads\/2024\/10\/C1-1536x866.jpg 1536w, https:\/\/kbconciergerie.eu\/wp-content\/uploads\/2024\/10\/C1-2048x1155.jpg 2048w, https:\/\/kbconciergerie.eu\/wp-content\/uploads\/2024\/10\/C1-1915x1080.jpg 1915w\" sizes=\"auto, (max-width: 1024px) 100vw, 1024px\" \/><\/figure>\n\n\n\n<figure class=\"wp-block-image size-large\"><img loading=\"lazy\" decoding=\"async\" width=\"1024\" height=\"768\" data-id=\"2285\" src=\"https:\/\/kbconciergerie.eu\/wp-content\/uploads\/2024\/10\/20200819_112549819_iOS-1024x768.jpg\" alt=\"\" class=\"wp-image-2285\" srcset=\"https:\/\/kbconciergerie.eu\/wp-content\/uploads\/2024\/10\/20200819_112549819_iOS-1024x768.jpg 1024w, https:\/\/kbconciergerie.eu\/wp-content\/uploads\/2024\/10\/20200819_112549819_iOS-300x225.jpg 300w, https:\/\/kbconciergerie.eu\/wp-content\/uploads\/2024\/10\/20200819_112549819_iOS-768x576.jpg 768w, https:\/\/kbconciergerie.eu\/wp-content\/uploads\/2024\/10\/20200819_112549819_iOS-1536x1152.jpg 1536w, https:\/\/kbconciergerie.eu\/wp-content\/uploads\/2024\/10\/20200819_112549819_iOS-2048x1536.jpg 2048w, https:\/\/kbconciergerie.eu\/wp-content\/uploads\/2024\/10\/20200819_112549819_iOS-1440x1080.jpg 1440w\" sizes=\"auto, (max-width: 1024px) 100vw, 1024px\" \/><\/figure>\n\n\n\n<figure class=\"wp-block-image size-large\"><img loading=\"lazy\" decoding=\"async\" width=\"768\" height=\"1024\" data-id=\"2284\" src=\"https:\/\/kbconciergerie.eu\/wp-content\/uploads\/2024\/10\/20200818_092947848_iOS-768x1024.jpg\" alt=\"\" class=\"wp-image-2284\" srcset=\"https:\/\/kbconciergerie.eu\/wp-content\/uploads\/2024\/10\/20200818_092947848_iOS-768x1024.jpg 768w, https:\/\/kbconciergerie.eu\/wp-content\/uploads\/2024\/10\/20200818_092947848_iOS-225x300.jpg 225w, https:\/\/kbconciergerie.eu\/wp-content\/uploads\/2024\/10\/20200818_092947848_iOS-1152x1536.jpg 1152w, https:\/\/kbconciergerie.eu\/wp-content\/uploads\/2024\/10\/20200818_092947848_iOS-1536x2048.jpg 1536w, https:\/\/kbconciergerie.eu\/wp-content\/uploads\/2024\/10\/20200818_092947848_iOS-1024x1365.jpg 1024w, https:\/\/kbconciergerie.eu\/wp-content\/uploads\/2024\/10\/20200818_092947848_iOS-810x1080.jpg 810w, https:\/\/kbconciergerie.eu\/wp-content\/uploads\/2024\/10\/20200818_092947848_iOS.jpg 1701w\" sizes=\"auto, (max-width: 768px) 100vw, 768px\" \/><\/figure>\n\n\n\n<figure class=\"wp-block-image size-large\"><img loading=\"lazy\" decoding=\"async\" width=\"768\" height=\"1024\" data-id=\"2282\" src=\"https:\/\/kbconciergerie.eu\/wp-content\/uploads\/2024\/10\/20200818_092934158_iOS-768x1024.jpg\" alt=\"\" class=\"wp-image-2282\" srcset=\"https:\/\/kbconciergerie.eu\/wp-content\/uploads\/2024\/10\/20200818_092934158_iOS-768x1024.jpg 768w, https:\/\/kbconciergerie.eu\/wp-content\/uploads\/2024\/10\/20200818_092934158_iOS-225x300.jpg 225w, https:\/\/kbconciergerie.eu\/wp-content\/uploads\/2024\/10\/20200818_092934158_iOS-1152x1536.jpg 1152w, https:\/\/kbconciergerie.eu\/wp-content\/uploads\/2024\/10\/20200818_092934158_iOS-1536x2048.jpg 1536w, https:\/\/kbconciergerie.eu\/wp-content\/uploads\/2024\/10\/20200818_092934158_iOS-1024x1365.jpg 1024w, https:\/\/kbconciergerie.eu\/wp-content\/uploads\/2024\/10\/20200818_092934158_iOS-810x1080.jpg 810w, https:\/\/kbconciergerie.eu\/wp-content\/uploads\/2024\/10\/20200818_092934158_iOS.jpg 1701w\" sizes=\"auto, (max-width: 768px) 100vw, 768px\" \/><\/figure>\n\n\n\n<figure class=\"wp-block-image size-large\"><img loading=\"lazy\" decoding=\"async\" width=\"1024\" height=\"768\" data-id=\"2287\" src=\"https:\/\/kbconciergerie.eu\/wp-content\/uploads\/2024\/10\/20200818_092851510_iOS-2-1024x768.jpg\" alt=\"\" class=\"wp-image-2287\" srcset=\"https:\/\/kbconciergerie.eu\/wp-content\/uploads\/2024\/10\/20200818_092851510_iOS-2-1024x768.jpg 1024w, https:\/\/kbconciergerie.eu\/wp-content\/uploads\/2024\/10\/20200818_092851510_iOS-2-300x225.jpg 300w, https:\/\/kbconciergerie.eu\/wp-content\/uploads\/2024\/10\/20200818_092851510_iOS-2-768x576.jpg 768w, https:\/\/kbconciergerie.eu\/wp-content\/uploads\/2024\/10\/20200818_092851510_iOS-2-1536x1152.jpg 1536w, https:\/\/kbconciergerie.eu\/wp-content\/uploads\/2024\/10\/20200818_092851510_iOS-2-2048x1536.jpg 2048w, https:\/\/kbconciergerie.eu\/wp-content\/uploads\/2024\/10\/20200818_092851510_iOS-2-1440x1080.jpg 1440w\" sizes=\"auto, (max-width: 1024px) 100vw, 1024px\" \/><\/figure>\n\n\n\n<figure class=\"wp-block-image size-large\"><img loading=\"lazy\" decoding=\"async\" width=\"768\" height=\"1024\" data-id=\"2283\" src=\"https:\/\/kbconciergerie.eu\/wp-content\/uploads\/2024\/10\/20200818_092956487_iOS-1-768x1024.jpg\" alt=\"\" class=\"wp-image-2283\" srcset=\"https:\/\/kbconciergerie.eu\/wp-content\/uploads\/2024\/10\/20200818_092956487_iOS-1-768x1024.jpg 768w, https:\/\/kbconciergerie.eu\/wp-content\/uploads\/2024\/10\/20200818_092956487_iOS-1-225x300.jpg 225w, https:\/\/kbconciergerie.eu\/wp-content\/uploads\/2024\/10\/20200818_092956487_iOS-1-1152x1536.jpg 1152w, https:\/\/kbconciergerie.eu\/wp-content\/uploads\/2024\/10\/20200818_092956487_iOS-1-1536x2048.jpg 1536w, https:\/\/kbconciergerie.eu\/wp-content\/uploads\/2024\/10\/20200818_092956487_iOS-1-1024x1365.jpg 1024w, https:\/\/kbconciergerie.eu\/wp-content\/uploads\/2024\/10\/20200818_092956487_iOS-1-810x1080.jpg 810w, https:\/\/kbconciergerie.eu\/wp-content\/uploads\/2024\/10\/20200818_092956487_iOS-1.jpg 1701w\" sizes=\"auto, (max-width: 768px) 100vw, 768px\" \/><\/figure>\n\n\n\n<figure class=\"wp-block-image size-large\"><img loading=\"lazy\" decoding=\"async\" width=\"1024\" height=\"768\" data-id=\"2289\" src=\"https:\/\/kbconciergerie.eu\/wp-content\/uploads\/2024\/10\/20200819_095434779_iOS-1024x768.jpg\" alt=\"\" class=\"wp-image-2289\" srcset=\"https:\/\/kbconciergerie.eu\/wp-content\/uploads\/2024\/10\/20200819_095434779_iOS-1024x768.jpg 1024w, https:\/\/kbconciergerie.eu\/wp-content\/uploads\/2024\/10\/20200819_095434779_iOS-300x225.jpg 300w, https:\/\/kbconciergerie.eu\/wp-content\/uploads\/2024\/10\/20200819_095434779_iOS-768x576.jpg 768w, https:\/\/kbconciergerie.eu\/wp-content\/uploads\/2024\/10\/20200819_095434779_iOS-1536x1152.jpg 1536w, https:\/\/kbconciergerie.eu\/wp-content\/uploads\/2024\/10\/20200819_095434779_iOS-2048x1536.jpg 2048w, https:\/\/kbconciergerie.eu\/wp-content\/uploads\/2024\/10\/20200819_095434779_iOS-1440x1080.jpg 1440w\" sizes=\"auto, (max-width: 1024px) 100vw, 1024px\" \/><\/figure>\n\n\n\n<figure class=\"wp-block-image size-large\"><img loading=\"lazy\" decoding=\"async\" width=\"1024\" height=\"768\" data-id=\"2281\" src=\"https:\/\/kbconciergerie.eu\/wp-content\/uploads\/2024\/10\/20200818_092920981_iOS-1-1024x768.jpg\" alt=\"\" class=\"wp-image-2281\" srcset=\"https:\/\/kbconciergerie.eu\/wp-content\/uploads\/2024\/10\/20200818_092920981_iOS-1-1024x768.jpg 1024w, https:\/\/kbconciergerie.eu\/wp-content\/uploads\/2024\/10\/20200818_092920981_iOS-1-300x225.jpg 300w, https:\/\/kbconciergerie.eu\/wp-content\/uploads\/2024\/10\/20200818_092920981_iOS-1-768x576.jpg 768w, https:\/\/kbconciergerie.eu\/wp-content\/uploads\/2024\/10\/20200818_092920981_iOS-1-1536x1152.jpg 1536w, https:\/\/kbconciergerie.eu\/wp-content\/uploads\/2024\/10\/20200818_092920981_iOS-1-2048x1536.jpg 2048w, https:\/\/kbconciergerie.eu\/wp-content\/uploads\/2024\/10\/20200818_092920981_iOS-1-1440x1080.jpg 1440w\" sizes=\"auto, (max-width: 1024px) 100vw, 1024px\" \/><\/figure>\n\n\n\n<figure class=\"wp-block-image size-large\"><img loading=\"lazy\" decoding=\"async\" width=\"1024\" height=\"768\" data-id=\"2280\" src=\"https:\/\/kbconciergerie.eu\/wp-content\/uploads\/2024\/10\/20200818_092851510_iOS-1-1024x768.jpg\" alt=\"\" class=\"wp-image-2280\" srcset=\"https:\/\/kbconciergerie.eu\/wp-content\/uploads\/2024\/10\/20200818_092851510_iOS-1-1024x768.jpg 1024w, https:\/\/kbconciergerie.eu\/wp-content\/uploads\/2024\/10\/20200818_092851510_iOS-1-300x225.jpg 300w, https:\/\/kbconciergerie.eu\/wp-content\/uploads\/2024\/10\/20200818_092851510_iOS-1-768x576.jpg 768w, https:\/\/kbconciergerie.eu\/wp-content\/uploads\/2024\/10\/20200818_092851510_iOS-1-1536x1152.jpg 1536w, https:\/\/kbconciergerie.eu\/wp-content\/uploads\/2024\/10\/20200818_092851510_iOS-1-2048x1536.jpg 2048w, https:\/\/kbconciergerie.eu\/wp-content\/uploads\/2024\/10\/20200818_092851510_iOS-1-1440x1080.jpg 1440w\" sizes=\"auto, (max-width: 1024px) 100vw, 1024px\" \/><\/figure>\n\n\n\n<figure class=\"wp-block-image size-large\"><img loading=\"lazy\" decoding=\"async\" width=\"1024\" height=\"577\" data-id=\"2293\" src=\"https:\/\/kbconciergerie.eu\/wp-content\/uploads\/2024\/10\/74NJyFcU-scaled-1-1024x577.jpg\" alt=\"\" class=\"wp-image-2293\" srcset=\"https:\/\/kbconciergerie.eu\/wp-content\/uploads\/2024\/10\/74NJyFcU-scaled-1-1024x577.jpg 1024w, https:\/\/kbconciergerie.eu\/wp-content\/uploads\/2024\/10\/74NJyFcU-scaled-1-300x169.jpg 300w, https:\/\/kbconciergerie.eu\/wp-content\/uploads\/2024\/10\/74NJyFcU-scaled-1-768x433.jpg 768w, https:\/\/kbconciergerie.eu\/wp-content\/uploads\/2024\/10\/74NJyFcU-scaled-1-1536x866.jpg 1536w, https:\/\/kbconciergerie.eu\/wp-content\/uploads\/2024\/10\/74NJyFcU-scaled-1-2048x1155.jpg 2048w, https:\/\/kbconciergerie.eu\/wp-content\/uploads\/2024\/10\/74NJyFcU-scaled-1-1915x1080.jpg 1915w\" sizes=\"auto, (max-width: 1024px) 100vw, 1024px\" \/><\/figure>\n<\/figure>\n<\/div><\/div>\n<\/div>\n\n\n\n<figure class=\"wp-block-image size-large\"><img loading=\"lazy\" decoding=\"async\" width=\"578\" height=\"1024\" src=\"https:\/\/kbconciergerie.eu\/wp-content\/uploads\/2024\/10\/NMEIuWiw-scaled-1-578x1024.jpg\" alt=\"\" class=\"wp-image-2296\" srcset=\"https:\/\/kbconciergerie.eu\/wp-content\/uploads\/2024\/10\/NMEIuWiw-scaled-1-578x1024.jpg 578w, https:\/\/kbconciergerie.eu\/wp-content\/uploads\/2024\/10\/NMEIuWiw-scaled-1-169x300.jpg 169w, https:\/\/kbconciergerie.eu\/wp-content\/uploads\/2024\/10\/NMEIuWiw-scaled-1-768x1362.jpg 768w, https:\/\/kbconciergerie.eu\/wp-content\/uploads\/2024\/10\/NMEIuWiw-scaled-1-866x1536.jpg 866w, https:\/\/kbconciergerie.eu\/wp-content\/uploads\/2024\/10\/NMEIuWiw-scaled-1-1155x2048.jpg 1155w, https:\/\/kbconciergerie.eu\/wp-content\/uploads\/2024\/10\/NMEIuWiw-scaled-1-1024x1815.jpg 1024w, https:\/\/kbconciergerie.eu\/wp-content\/uploads\/2024\/10\/NMEIuWiw-scaled-1-609x1080.jpg 609w, https:\/\/kbconciergerie.eu\/wp-content\/uploads\/2024\/10\/NMEIuWiw-scaled-1.jpg 1444w\" sizes=\"auto, (max-width: 578px) 100vw, 578px\" \/><\/figure>\n\n\n\n<figure class=\"wp-block-gallery has-nested-images columns-default is-cropped wp-block-gallery-2 is-layout-flex wp-block-gallery-is-layout-flex\"><\/figure>\n","protected":false},"excerpt":{"rendered":"<p>100 m\u00b2 pour cet appartement refait \u00e0 neuf. Une cuisine professionnelle ouverte pour les repas en famille. Un acc\u00e8s direct \u00e0 la for\u00eat permet de grandes balades au calme.<\/p>\n","protected":false},"author":1,"featured_media":0,"parent":0,"menu_order":0,"comment_status":"closed","ping_status":"closed","template":"","meta":{"footnotes":""},"class_list":["post-1149","page","type-page","status-publish","hentry"],"_links":{"self":[{"href":"https:\/\/kbconciergerie.eu\/index.php?rest_route=\/wp\/v2\/pages\/1149","targetHints":{"allow":["GET"]}}],"collection":[{"href":"https:\/\/kbconciergerie.eu\/index.php?rest_route=\/wp\/v2\/pages"}],"about":[{"href":"https:\/\/kbconciergerie.eu\/index.php?rest_route=\/wp\/v2\/types\/page"}],"author":[{"embeddable":true,"href":"https:\/\/kbconciergerie.eu\/index.php?rest_route=\/wp\/v2\/users\/1"}],"replies":[{"embeddable":true,"href":"https:\/\/kbconciergerie.eu\/index.php?rest_route=%2Fwp%2Fv2%2Fcomments&post=1149"}],"version-history":[{"count":0,"href":"https:\/\/kbconciergerie.eu\/index.php?rest_route=\/wp\/v2\/pages\/1149\/revisions"}],"wp:attachment":[{"href":"https:\/\/kbconciergerie.eu\/index.php?rest_route=%2Fwp%2Fv2%2Fmedia&parent=1149"}],"curies":[{"name":"wp","href":"https:\/\/api.w.org\/{rel}","templated":true}]}}